{"id":4,"date":"2014-07-06T13:47:56","date_gmt":"2014-07-06T13:47:56","guid":{"rendered":"http:\/\/3sbrasil.com.br\/?page_id=4"},"modified":"2024-01-09T23:37:45","modified_gmt":"2024-01-09T23:37:45","slug":"home","status":"publish","type":"page","link":"http:\/\/www.3sbrasil.com.br\/","title":{"rendered":"Home"},"content":{"rendered":"<p class=\"yiv2578050088MsoNormal\" style=\"color: #000000;\"><!-- meta slider -->\n<div style=\"max-width: 1022px; margin: 0 auto;\" class=\"metaslider metaslider-flex metaslider-76 ml-slider\">\n    \n    <div id=\"metaslider_container_76\">\n        <div id=\"metaslider_76\">\n            <ul class=\"slides\">\n                <li style=\"display: block; width: 100%;\" class=\"slide-194 ms-image\"><img loading=\"lazy\" decoding=\"async\" src=\"http:\/\/www.3sbrasil.com.br\/wp-content\/uploads\/2024\/01\/slide-01-3sbrasil-update-09.01.2024.jpg\" height=\"344\" width=\"1022\" alt=\"\" class=\"slider-76 slide-194\" \/><\/li>\n                <li style=\"display: none; width: 100%;\" class=\"slide-199 ms-image\"><img loading=\"lazy\" decoding=\"async\" src=\"http:\/\/www.3sbrasil.com.br\/wp-content\/uploads\/2024\/01\/slide-03-3sbrasil-update-24.01.2024.jpg\" height=\"344\" width=\"1022\" alt=\"\" class=\"slider-76 slide-199\" \/><\/li>\n                <li style=\"display: none; width: 100%;\" class=\"slide-201 ms-image\"><img loading=\"lazy\" decoding=\"async\" src=\"http:\/\/www.3sbrasil.com.br\/wp-content\/uploads\/2024\/01\/slide-04-3sbrasil-update-24.01.2024.jpg\" height=\"344\" width=\"1022\" alt=\"\" class=\"slider-76 slide-201\" \/><\/li>\n            <\/ul>\n        <\/div>\n        \n    <\/div>\n    <script type=\"text\/javascript\">\n        var metaslider_76 = function($) {\n            $('#metaslider_76').addClass('flexslider'); \/\/ theme\/plugin conflict avoidance\n            $('#metaslider_76').flexslider({ \n                slideshowSpeed:5000,\n                animation:\"fade\",\n                controlNav:true,\n                directionNav:true,\n                pauseOnHover:true,\n                direction:\"horizontal\",\n                reverse:false,\n                animationSpeed:500,\n                prevText:\"&lt;\",\n                nextText:\"&gt;\",\n                slideshow:true\n            });\n        };\n        var timer_metaslider_76 = function() {\n            var slider = !window.jQuery ? window.setTimeout(timer_metaslider_76, 100) : !jQuery.isReady ? window.setTimeout(timer_metaslider_76, 1) : metaslider_76(window.jQuery);\n        };\n        timer_metaslider_76();\n    <\/script>\n<\/div>\n<!--\/\/ meta slider-->\n<p class=\"yiv2578050088MsoNormal\" style=\"color: #000000;\"><div class=\"su-spacer\" style=\"height:20px\"><\/div>\n<p class=\"yiv2578050088MsoNormal\" style=\"color: #000000;\"><div class=\"su-heading su-heading-style-default su-heading-align-center\" style=\"font-size:16px;margin-bottom:20px\"><div class=\"su-heading-inner\"><a href=\"https:\/\/www.certara.com\/pressreleases\/brazilian-health-surveillance-agency-anvisa-adopts-certaras-phoenix-software-for-drug-regulatory-reviews\/?ap%5B0%5D=PKPD\" target=\"_blank\" rel=\"noopener noreferrer\">Brazilian Health Surveillance Agency, ANVISA, Adopts Certara\u2019s Phoenix Software for Drug Regulatory Reviews<\/a><\/div><\/div>\n<p class=\"yiv2578050088MsoNormal\" style=\"color: #000000;\">Estabelecida em 1998 com o objetivo de atender ao mercado de alta tecnologia voltado para a pesquisa e desenvolvimento de novos medicamentos atrav\u00e9s da t\u00e9cnica da modelagem de novas mol\u00e9culas.<\/p>\n<p class=\"p1\">No ano 2000 a 3S Brasil passa a ser distribuidor exclusivo dos softwares Tripos\u00ae no pa\u00eds, atendendo ao mercado da modelagem e simula\u00e7\u00e3o molecular.<\/p>\n<p style=\"font-weight: 400;\">Em 2008 passamos a ser representantes dos softwares Pharsight, oferecendo toda a extraordin\u00e1ria linha de softwares Phoenix WinNonlin. Neste mesmo ano a Tripos e a Pharsight se uniram e formaram a Certara.<\/p>\n<p style=\"font-weight: 400;\">Ap\u00f3s a aquisi\u00e7\u00e3o da Synchrogenix e da Simcyp pela Certara, passamos a disponibilizar aos nossos clientes, da am\u00e9rica do sul, o que h\u00e1 de mais moderno em tecnologia e inova\u00e7\u00e3o nas \u00e1reas da pesquisa cl\u00ednica, modelagem e simula\u00e7\u00e3o, escrita m\u00e9dica e processo de submiss\u00e3o regulat\u00f3rio.<\/p>\n<p style=\"font-weight: 400;\">Nossas solu\u00e7\u00f5es inovadoras contribuem para a excel\u00eancia dos servi\u00e7os nos principais centros de pesquisa, ind\u00fastrias farmac\u00eauticas, universidades,\u00a0empresas privadas e governamentais.<\/p>\n<div class=\"su-heading su-heading-style-default su-heading-align-center\" style=\"font-size:20px;margin-bottom:20px\"><div class=\"su-heading-inner\">About 3S Brasil<\/div><\/div>\n<p class=\"p1\">Founded in 1998 with the aim of serving the high-technology market focused on research and development of new medicines through the technique of modeling new molecules.<\/p>\n<p class=\"p2\">In 2000, 3S Brasil became the exclusive distributor of Tripos\u00ae software in the country, serving the molecular modeling and simulation market.<\/p>\n<p style=\"font-weight: 400;\">In 2008 we became representatives of Pharsight software, offering the entire extraordinary line of Phoenix WinNonlin software. That same year, Tripos and Pharsight came together to form Certara.<\/p>\n<p style=\"font-weight: 400;\">After the acquisition of Synchrogenix and Simcyp by Certara, we began to make available to our clients in South America the most modern technology and innovation in the areas of clinical research, modeling and simulation, medical writing and the regulatory submission process.<\/p>\n<p style=\"font-weight: 400;\">Our innovative solutions contribute to service excellence in the main research centers, pharmaceutical industries, universities, private and government companies.<\/p>\n","protected":false},"excerpt":{"rendered":"<p>Estabelecida em 1998 com o objetivo de atender ao mercado de alta tecnologia voltado para a pesquisa e desenvolvimento de novos medicamentos atrav\u00e9s da t\u00e9cnica da modelagem de novas mol\u00e9culas. No ano 2000 a 3S Brasil passa a ser distribuidor exclusivo dos softwares Tripos\u00ae no pa\u00eds, atendendo ao mercado da modelagem e simula\u00e7\u00e3o molecular. Em [&hellip;]<\/p>\n","protected":false},"author":1,"featured_media":0,"parent":0,"menu_order":0,"comment_status":"closed","ping_status":"closed","template":"","meta":{"footnotes":""},"class_list":["post-4","page","type-page","status-publish","hentry"],"_links":{"self":[{"href":"http:\/\/www.3sbrasil.com.br\/index.php?rest_route=\/wp\/v2\/pages\/4","targetHints":{"allow":["GET"]}}],"collection":[{"href":"http:\/\/www.3sbrasil.com.br\/index.php?rest_route=\/wp\/v2\/pages"}],"about":[{"href":"http:\/\/www.3sbrasil.com.br\/index.php?rest_route=\/wp\/v2\/types\/page"}],"author":[{"embeddable":true,"href":"http:\/\/www.3sbrasil.com.br\/index.php?rest_route=\/wp\/v2\/users\/1"}],"replies":[{"embeddable":true,"href":"http:\/\/www.3sbrasil.com.br\/index.php?rest_route=%2Fwp%2Fv2%2Fcomments&post=4"}],"version-history":[{"count":27,"href":"http:\/\/www.3sbrasil.com.br\/index.php?rest_route=\/wp\/v2\/pages\/4\/revisions"}],"predecessor-version":[{"id":179,"href":"http:\/\/www.3sbrasil.com.br\/index.php?rest_route=\/wp\/v2\/pages\/4\/revisions\/179"}],"wp:attachment":[{"href":"http:\/\/www.3sbrasil.com.br\/index.php?rest_route=%2Fwp%2Fv2%2Fmedia&parent=4"}],"curies":[{"name":"wp","href":"https:\/\/api.w.org\/{rel}","templated":true}]}}